*v - 4. What is y(0)?
-4
Let n(f) = 9*f - 233. Calculate n(26).
1
Let u(x) = x**3 - 37*x**2 - 300*x - 346. What is u(44)?
6
Let k(p) = -p**3 - 42*p**2 - 249*p - 120. Determine k(-35).
20
Let g(x) = x**3 + 23*x**2 - 41*x + 140. Give g(-25).
-85
Let u(r) = 87*r + 2140. Determine u(-24).
52
Let t(v) = -14*v**2 - 19*v - 75. Determine t(-6).
-465
Let n(t) = -3*t**3 - 161*t**2 + 57*t + 182. Calculate n(-54).
20
Let b(a) = -a**3 - 5*a**2 + 105*a + 640. Determine b(-7).
3
Let l(w) = -68*w - 99. Calculate l(-3).
105
Let i(m) = 65*m**2 + 647*m - 29. Determine i(-10).
1
Let z(h) = -h**2 + 6*h - 28. Give z(7).
-35
Let m(b) = b**3 - 77*b**2 - 317*b - 566. Give m(81).
1
Let w(v) = v**3 + 3*v**2 - 136*v - 76. Give w(-13).
2
Let i(l) = -3*l + 45. Determine i(15).
0
Let c(a) = a**2 + 3*a + 9. What is c(0)?
9
Let o(i) = 15*i - 1104. What is o(69)?
-69
Let y(m) = -2*m**3 + 14*m**2 - 22*m + 11. Determine y(6).
-49
Let y(f) = -5*f**3 - 10*f**2 - 25*f + 11. Give y(-5).
511
Let b(n) = -2*n**3 + 194*n**2 + 199*n - 304. Determine b(98).
-10
Let o(j) = 8*j + 241. What is o(-6)?
193
Let f(q) = 4*q**2 + 622*q - 5224. Give f(8).
8
Let v(n) = -n**3 + 137*n**2 - 1499*n - 131. Give v(125).
-6
Let u(k) = k**2 - 238*k - 5966. Determine u(-23).
37
Let x(r) = -2*r**3 - 14*r**2 + 42*r + 301. Determine x(-4).
37
Let d(y) = -5*y**2 + 307*y + 216. What is d(62)?
30
Let i(v) = 128*v + 9081. What is i(-71)?
-7
Let c(x) = 1983*x - 31723. Determine c(16).
5
Let x(v) = v**3 - 5*v**2 + 3*v - 5. Determine x(2).
-11
Let t(k) = 6433*k + 19293. Calculate t(-3).
-6
Let r(o) = -o**2 + 1004*o - 5997. Give r(6).
-9
Let u(m) = -2*m**3 + 212*m**2 + 434*m - 341. What is u(108)?
-125
Let g(p) = -6*p**2 + 37*p + 15. Give g(7).
-20
Let n(z) = z**3 - 46*z**2 - 3*z + 97. Give n(46).
-41
Let m(n) = -686*n - 654. Determine m(-1).
32
Let g(v) = -4*v**3 + 196*v**2 - 4*v + 211. Calculate g(49).
15
Let r(u) = 2*u**2 - 66*u - 72. Determine r(37).
224
Let w(v) = 2162*v + 95132. Calculate w(-44).
4
Let w(d) = 5*d**2 - 8*d - 1. What is w(-2)?
35
Let n(f) = 12*f**2 + 2*f + 7. Calculate n(4).
207
Let u(l) = 3*l**2 + 105*l + 1023. Calculate u(-16).
111
Let o(h) = -30*h**2 - 332*h - 4. What is o(-11)?
18
Let w(h) = 2*h**3 + 3*h**2 - 18*h - 61. Give w(-5).
-146
Let d(r) = -r**3 + 31*r**2 - 233*r - 18. Give d(13).
-5
Let v(r) = -r**2 - 591*r - 4694. Give v(-8).
-30
Let c(u) = -2*u**3 + 4*u**2 + 26*u - 60. What is c(3)?
0
Let d(y) = -70*y + 1273. Determine d(18).
13
Let w(b) = -b**2 + 72*b - 913. What is w(16)?
-17
Let f(b) = -b**3 + 27*b**2 - 32*b + 20. Calculate f(26).
-136
Let u(f) = -2*f**2 - 17*f + 293. Determine u(9).
-22
Let q(b) = -b**2 - 13*b + 521. What is q(17)?
11
Let d(j) = j**2 - 42*j - 219. Calculate d(50).
181
Let g(t) = 102*t - 1030. Calculate g(8).
-214
Let c(r) = -16440*r - 98646. Give c(-6).
-6
Let v(i) = i**3 + 108*i**2 + 2301*i + 791. Calculate v(-79).
1
Let o(u) = u**3 - 12*u**2 + 9*u + 10. Calculate o(8).
-174
Let y(f) = -f**2 + 126*f - 609. Determine y(5).
-4
Let v(j) = 1738*j + 1781. Give v(-1).
43
Let l(g) = -19*g**2 - 242*g + 56. Give l(-13).
-9
Let v(c) = 28*c + 369. Give v(-13).
5
Let t(u) = -2*u**2 + u + 57. Determine t(0).
57
Let k(x) = -x**3 - 87*x**2 + 439*x - 1943. Calculate k(-92).
-11
Let l(c) = c**3 - 17*c**2 + 23*c - 69. Give l(16).
43
Let a(o) = 5*o**3 + 26*o**2 - 10*o + 12. Give a(-6).
-72
Let i(c) = -174*c. Determine i(0).
0
Let s(i) = 2*i**3 - 19*i**2 + 2*i + 13. What is s(10)?
133
Let w(f) = 1736*f + 1744. Determine w(-1).
8
Let l(j) = -j**3 + j**2 - 3*j - 301. Calculate l(0).
-301
Let l(g) = -72*g - 589. What is l(-10)?
131
Let u(j) = -159*j + 779. Determine u(5).
-16
Let b(l) = -97*l**2 - 28*l + 27. Give b(1).
-98
Let h(s) = -35*s - 346. Give h(-10).
4
Let m(x) = -608*x + 12762. Calculate m(21).
-6
Let q(b) = 2*b**3 - 3*b**2 + 36. What is q(3)?
63
Let t(y) = -23*y**3 - 15*y**2 + 2*y + 2. Calculate t(-1).
8
Let w(c) = -19*c**2 + 37*c - 33. Calculate w(3).
-93
Let o(b) = -b**3 - 7*b**2 + 132*b + 99. Determine o(9).
-9
Let t(x) = x**2 + 11*x - 97. Calculate t(-16).
-17
Let l(f) = -f**2 - 204*f + 19184. Determine l(-274).
4
Let b(y) = 7*y**2 - 21*y - 72. Calculate b(5).
-2
Let r(o) = -12*o**3 + 61*o**2 + 19*o - 121. Calculate r(5).
-1
Let b(f) = f**3 + 25*f**2 + 46*f + 42. Calculate b(-23).
42
Let u(r) = -6*r - 14. Determine u(11).
-80
Let o(n) = -n**3 + 3*n**2 + 175*n - 829. What is o(5)?
-4
Let w(s) = -3*s**3 - 91*s**2 - 28*s + 64. Calculate w(-30).
4
Let o(p) = p**2 + 20*p + 92. Give o(-11).
-7
Let j(m) = 18*m - 2730. What is j(127)?
-444
Let a(i) = 7*i**2 - 220*i + 96. Give a(31).
3
Let g(y) = 3*y**2 + 2*y + 19. Give g(4).
75
Let l(o) = 24*o**3 - o**2 + 7*o - 7. Give l(1).
23
Let y(l) = l**2 + 83*l - 349. Calculate y(4).
-1
Let j(o) = -8*o**2 - 492*o + 263. Give j(-62).
15
Let x(m) = 8*m**2 + 66*m + 379. What is x(-6)?
271
Let u(l) = 114*l + 1375. Determine u(-9).
349
Let u(s) = s**2 - s - 93. Determine u(-25).
557
Let x(z) = -14*z**2 - 62*z + 133. Give x(-6).
1
Let c(j) = -3*j**2 + 35*j. Give c(14).
-98
Let p(z) = z**3 - 601*z**2 + 90212*z - 618. Determine p(310).
2
Let d(o) = 3*o**2 - 60*o - 1. What is d(20)?
-1
Let w(l) = 3157*l - 9514. Calculate w(3).
-43
Let q(v) = 2*v**3 - 7*v**2 + 16*v + 1. Give q(2).
21
Let s(d) = -12*d**2 + 47*d + 13. Calculate s(4).
9
Let s(j) = j**2 - 5*j + 81. What is s(18)?
315
Let w(g) = -2*g**3 - 26*g**2 - 39*g + 29. Give w(-11).
-26
Let b(t) = -59*t + 5530. Give b(94).
-16
Let c(r) = 104*r**2 - 9*r - 6. Give c(-1).
107
Let o(t) = -3*t**2 - 60*t + 42. What is o(-21)?
-21
Let t(z) = -2*z**3 - 10*z**2 + 26*z + 7. Give t(2).
3
Let l(y) = 2*y**3 - 128*y**2 - 494*y + 23660. What is l(65)?
0
Let g(q) = q**3 - 48*q**2 - 151*q + 110. Calculate g(51).
212
Let o(f) = 7*f**3 + 14*f**2 - 3*f - 2. What is o(-3)?
-56
Let u(c) = c**3 + 473*c**2 - 2867*c + 20. What is u(6)?
62
Let i(f) = 24*f**2 - 81*f - 163. What is i(-2)?
95
Let a(x) = 112*x**2 + 1230*x + 35. What is a(-11)?
57
Let s(h) = 4*h**2 + 203*h + 344. What is s(-49)?
1
Let r(q) = -q**3 - 13*q**2 - q + 189. Determine r(-12).
57
Let t(c) = -7*c**2 - 7*c - 16. Give t(-2).
-30
Let q(j) = -54*j - 22. What is q(3)?
-184
Let i(h) = 4*h**2 - 13*h - 4. Calculate i(6).
62
Let c(d) = d**2 - 57*d - 5835. What is c(-53)?
-5
Let b(o) = -31*o**2 + 3*o + 18. What is b(0)?
18
Let a(r) = 49*r - 3640. Determine a(74).
-14
Let f(r) = r**2 - 7*r + 79. What is f(13)?
157
Let h(v) = 24*v - 706. Calculate h(37).
182
Let z(f) = -252*f + 18397. What is z(73)?
1
Let w(n) = -n**2 - 33*n + 11. Calculate w(-32).
43
Let w(v) = v**3 + 3*v**2 - 74*v - 270. Determine w(-6).
66
Let x(a) = -224*a - 2483. Give x(-11).
-19
Let s(o) = 5*o**2 - 209*o + 2001. Calculate s(27).
3
Let m(u) = -14*u - 161. What is m(-4)?
-105
Let c(l) = l**2 + 23*l + 39. Calculate c(-19).
-37
Let a(i) = i**3 + 30*i**2 - 105*i - 193. What is a(-33)?
5
Let k(u) = -22*u**2 - 64*u + 6. Determine k(-4).
-90
Let y(d) = -448*d + 2688. What is y(6)?
0
Let o(f) = -229*f + 30683. Give o(134).
-3
Let n(z) = -z**3 + 13*z**2 + 16*z + 2. Calculate n(10).
462
Let l(s) = -96*s - 1156. Give l(-12).
-4
Let w(s) = -2*s**3 + 46*s**2 + 87*s - 2887. What is w(22)?
-5
Let l(j) = -j**2 + 8*j + 182. Determine l(18).
2
Let b(x) = -190*x - 544. Calculate b(-3).
26
Let h(n) = 451*n - 490. Calculate h(1).
-39
Let c(q) = 167*q + 651. Determine c(-4).
-17
Let j(q) = 2*q**2 + 205*q + 287. Give j(-101).
-16
Let c(a) = a**2 + 21*a + 4. Calculate c(-17).
-64
Let g(x) = -18*x**2 + 98*x + 103. Calculate g(-1).
-13
Let g(a) = -a + 74. What is g(-30)?
104
Let l(p) = -73*p + 144. Calculate l(3).
-75
Let b(l) = l**3 - 20*l**2 - 7*l + 172. What is b(20)?
32
Let h(x) = 9*x - 44. Calculate h(-2).
-62
Let z(b) = -8*b**2 - 50*b + 90. Determine z(2).
-42
Let x(m) = 303*m - 6980. Give x(23).
-11
Let s(h) = 2*h**2 + 124*h - 1298. Give s(-71).
-20
Let m(v) = v**3 - 32*v**2 - 124*v + 2996. Give m(33).
-7
Let m(j) = -198*j - 209. Calculate m(-1).
-11
Let m(z) = 12*z**2 - 10*z + 33. Give m(3).
111
Let o(j) = 513*j - 990. Calculate o(2).
36
Let l(i) = 105*i - 89. What is l(5)?
436
Let s(c) = -c**2 - 62*c - 480. Determine s(-9).
-3
Let l(g) = 3132*g - 134686. What is l(43)?
-10
Let r(q) = 14*q + 112. Calculate r(-12).
-56
Let x(v) = -v**3 - 26*v**2 + 46*v + 543. What is x(-27)?
30
Let q(m) = 55*m - 5341. Calcu